{"id":813,"date":"2020-12-29T10:45:23","date_gmt":"2020-12-29T09:45:23","guid":{"rendered":"http:\/\/web.w664-rex-club-porta.de\/wordpress\/?page_id=813"},"modified":"2020-12-29T10:45:24","modified_gmt":"2020-12-29T09:45:24","slug":"zwerg-rexe-castorfarbig","status":"publish","type":"page","link":"http:\/\/web.w664-rex-club-porta.de\/wordpress\/zwerg-rexe-castorfarbig\/","title":{"rendered":"Zwerg-Rexe castorfarbig"},"content":{"rendered":"\n<p>Zwerg-Rexe sind die kleinsten Vertreter unter den Rexen. <\/p>\n\n\n\n<div class=\"wp-block-group\"><div class=\"wp-block-group__inner-container is-layout-flow wp-block-group-is-layout-flow\">\n<div class=\"wp-block-buttons is-layout-flex wp-block-buttons-is-layout-flex\">\n<div class=\"wp-block-button\"><a class=\"wp-block-button__link has-gtb-color-7-color has-text-color has-background\" href=\"http:\/\/www.kaninchenrassen.info\/kaninchen\/kurzhaarrassen\/zwerg-rexe\/zwerg-rexe-castorfarbig.php\" style=\"border-radius:7px;background-color:#941010\" target=\"_blank\" rel=\"noreferrer noopener\">Rassebeschreibung<\/a><\/div>\n<\/div>\n<\/div><\/div>\n\n\n\n<h3 class=\"wp-block-heading\"><br>Z\u00fcchter in unserem Club<\/h3>\n\n\n\n<figure class=\"wp-block-table\"><table><tbody><tr><td><strong>Nachname<\/strong><\/td><td><strong>Vorname<\/strong><\/td><td><strong>PLZ<\/strong><\/td><td><strong>Wohnort<\/strong><\/td><td><strong>Telefon<\/strong><\/td><\/tr><tr><td>Behrendt-Gottschlich<\/td><td>Sebastian<\/td><td>33607<\/td><td>Bielefeld<\/td><td>05946 &#8211; 699 837<\/td><\/tr><tr><td>H\u00f6wener<\/td><td>Detlef<\/td><td>32457<\/td><td>Porta Westfalica<\/td><td>0571-509 26 523<\/td><\/tr><tr><td>T\u00fclk<\/td><td>Annika<\/td><td>49477<\/td><td>Ibbenb\u00fcren<\/td><td>0176 &#8211; 36765703<\/td><\/tr><\/tbody><\/table><figcaption><br><\/figcaption><\/figure>\n\n\n\n<p><\/p>\n","protected":false},"excerpt":{"rendered":"<p>Zwerg-Rexe sind die kleinsten Vertreter unter den Rexen. Z\u00fcchter in unserem Club Nachname Vorname PLZ Wohnort Telefon Behrendt-Gottschlich Sebastian 33607 Bielefeld 05946 &#8211; 699 837 H\u00f6wener Detlef 32457 Porta Westfalica 0571-509 26 523 T\u00fclk Annika 49477 Ibbenb\u00fcren 0176 &#8211; 36765703<\/p>\n","protected":false},"author":1,"featured_media":0,"parent":0,"menu_order":0,"comment_status":"closed","ping_status":"closed","template":"","meta":{"gtb_hide_title":false,"gtb_wrap_title":false,"gtb_class_title":"","gtb_remove_headerfooter":false,"footnotes":""},"_links":{"self":[{"href":"http:\/\/web.w664-rex-club-porta.de\/wordpress\/wp-json\/wp\/v2\/pages\/813"}],"collection":[{"href":"http:\/\/web.w664-rex-club-porta.de\/wordpress\/wp-json\/wp\/v2\/pages"}],"about":[{"href":"http:\/\/web.w664-rex-club-porta.de\/wordpress\/wp-json\/wp\/v2\/types\/page"}],"author":[{"embeddable":true,"href":"http:\/\/web.w664-rex-club-porta.de\/wordpress\/wp-json\/wp\/v2\/users\/1"}],"replies":[{"embeddable":true,"href":"http:\/\/web.w664-rex-club-porta.de\/wordpress\/wp-json\/wp\/v2\/comments?post=813"}],"version-history":[{"count":1,"href":"http:\/\/web.w664-rex-club-porta.de\/wordpress\/wp-json\/wp\/v2\/pages\/813\/revisions"}],"predecessor-version":[{"id":814,"href":"http:\/\/web.w664-rex-club-porta.de\/wordpress\/wp-json\/wp\/v2\/pages\/813\/revisions\/814"}],"wp:attachment":[{"href":"http:\/\/web.w664-rex-club-porta.de\/wordpress\/wp-json\/wp\/v2\/media?parent=813"}],"curies":[{"name":"wp","href":"https:\/\/api.w.org\/{rel}","templated":true}]}}