{"id":702,"date":"2020-12-03T09:12:07","date_gmt":"2020-12-03T08:12:07","guid":{"rendered":"http:\/\/web.w664-rex-club-porta.de\/wordpress\/?page_id=702"},"modified":"2021-12-30T21:31:45","modified_gmt":"2021-12-30T20:31:45","slug":"klein-rexe-blau","status":"publish","type":"page","link":"http:\/\/web.w664-rex-club-porta.de\/wordpress\/klein-rexe-blau\/","title":{"rendered":"Klein-Rexe blau"},"content":{"rendered":"\n<p>Klein-Rexe sind Rexkaninchen im Kleinformat. Sie erreichen ein Gewicht von bis zu 2,5 kg. Der blaue Farbenschlag ist dem des Blau-Rexes nachempfunden, was wiederum an die Blauf\u00e4rbung des Blauen Wieners erinnern soll. <\/p>\n\n\n\n<div class=\"wp-block-buttons is-layout-flex wp-block-buttons-is-layout-flex\">\n<div class=\"wp-block-button\"><a class=\"wp-block-button__link has-text-color has-background\" href=\"http:\/\/www.kaninchenrassen.info\/kaninchen\/kurzhaarrassen\/klein-rexe.php\" style=\"border-radius:4px;background-color:#941010;color:#ffffff\" target=\"_blank\" rel=\"noopener noreferrer\">Rassebeschreibung<\/a><\/div>\n<\/div>\n\n\n\n<h3 class=\"wp-block-heading\"><br>Z\u00fcchter in unserem Club<\/h3>\n\n\n\n<figure class=\"wp-block-table\"><table><tbody><tr><td><strong>Nachname<\/strong><\/td><td><strong>Vorname<\/strong><\/td><td><strong>PLZ<\/strong><\/td><td><strong>Wohnort<\/strong><\/td><td><strong>Telefon<\/strong><\/td><\/tr><tr><td>Kr\u00f6ger<\/td><td>J\u00f6rg<\/td><td>57258<\/td><td>Bestwig-Andreasberg<\/td><td>0151-525 475 34<\/td><\/tr><tr><td>Pardey<\/td><td>Bianca<\/td><td>57258<\/td><td>Bestwig-Andreasberg<\/td><td>0151-525 475 35<\/td><\/tr><tr><td>Wiegand<\/td><td>Karl<\/td><td>31311<\/td><td>Uetze<\/td><td>05177-1428<\/td><\/tr><\/tbody><\/table><\/figure>\n\n\n\n<p><\/p>\n","protected":false},"excerpt":{"rendered":"<p>Klein-Rexe sind Rexkaninchen im Kleinformat. Sie erreichen ein Gewicht von bis zu 2,5 kg. Der blaue Farbenschlag ist dem des Blau-Rexes nachempfunden, was wiederum an die Blauf\u00e4rbung des Blauen Wieners erinnern soll. Z\u00fcchter in unserem Club Nachname Vorname PLZ Wohnort Telefon Kr\u00f6ger J\u00f6rg 57258 Bestwig-Andreasberg 0151-525 475 34 Pardey Bianca 57258 Bestwig-Andreasberg 0151-525 475 35 [&hellip;]<\/p>\n","protected":false},"author":1,"featured_media":0,"parent":0,"menu_order":0,"comment_status":"closed","ping_status":"closed","template":"","meta":{"gtb_hide_title":false,"gtb_wrap_title":false,"gtb_class_title":"","gtb_remove_headerfooter":false,"footnotes":""},"_links":{"self":[{"href":"http:\/\/web.w664-rex-club-porta.de\/wordpress\/wp-json\/wp\/v2\/pages\/702"}],"collection":[{"href":"http:\/\/web.w664-rex-club-porta.de\/wordpress\/wp-json\/wp\/v2\/pages"}],"about":[{"href":"http:\/\/web.w664-rex-club-porta.de\/wordpress\/wp-json\/wp\/v2\/types\/page"}],"author":[{"embeddable":true,"href":"http:\/\/web.w664-rex-club-porta.de\/wordpress\/wp-json\/wp\/v2\/users\/1"}],"replies":[{"embeddable":true,"href":"http:\/\/web.w664-rex-club-porta.de\/wordpress\/wp-json\/wp\/v2\/comments?post=702"}],"version-history":[{"count":6,"href":"http:\/\/web.w664-rex-club-porta.de\/wordpress\/wp-json\/wp\/v2\/pages\/702\/revisions"}],"predecessor-version":[{"id":875,"href":"http:\/\/web.w664-rex-club-porta.de\/wordpress\/wp-json\/wp\/v2\/pages\/702\/revisions\/875"}],"wp:attachment":[{"href":"http:\/\/web.w664-rex-club-porta.de\/wordpress\/wp-json\/wp\/v2\/media?parent=702"}],"curies":[{"name":"wp","href":"https:\/\/api.w.org\/{rel}","templated":true}]}}