{"id":589,"date":"2020-06-29T23:55:45","date_gmt":"2020-06-29T21:55:45","guid":{"rendered":"http:\/\/web.w664-rex-club-porta.de\/wordpress\/?page_id=589"},"modified":"2020-07-27T21:43:46","modified_gmt":"2020-07-27T19:43:46","slug":"chin-rexe","status":"publish","type":"page","link":"http:\/\/web.w664-rex-club-porta.de\/wordpress\/chin-rexe\/","title":{"rendered":"Chin-Rexe"},"content":{"rendered":"\n<p>Die Fellfarbe der Chin-Rexe erinnert mit seiner bl\u00e4ulichen T\u00f6nung an die  eines Chinchillas.<\/p>\n\n\n\n<p><\/p>\n\n\n\n<div class=\"wp-block-buttons is-layout-flex wp-block-buttons-is-layout-flex\">\n<div class=\"wp-block-button\"><a class=\"wp-block-button__link has-text-color has-background\" href=\"http:\/\/www.kaninchenrassen.info\/kaninchen\/kurzhaarrassen\/chin-rexe.php\" style=\"background-color:#941010;color:#ffffff;border-radius:4px\" target=\"_blank\" rel=\"noopener noreferrer\">Rassebeschreibung<\/a><\/div>\n<\/div>\n\n\n\n<h3 class=\"wp-block-heading\"><br>Z\u00fcchter in unserem Club<\/h3>\n\n\n\n<figure class=\"wp-block-table\"><table><tbody><tr><td><strong>Nachname<\/strong><\/td><td><strong>Vorname<\/strong><\/td><td><strong>PLZ<\/strong><\/td><td><strong>Wohnort<\/strong><\/td><td><strong>Telefon<\/strong><\/td><\/tr><tr><td><br>Fromberg<br><\/td><td>Harry<\/td><td>32657<\/td><td>Lemgo<\/td><td>05261-89066<\/td><\/tr><\/tbody><\/table><\/figure>\n\n\n\n<p><\/p>\n","protected":false},"excerpt":{"rendered":"<p>Die Fellfarbe der Chin-Rexe erinnert mit seiner bl\u00e4ulichen T\u00f6nung an die eines Chinchillas. Z\u00fcchter in unserem Club Nachname Vorname PLZ Wohnort Telefon Fromberg Harry 32657 Lemgo 05261-89066<\/p>\n","protected":false},"author":1,"featured_media":0,"parent":0,"menu_order":0,"comment_status":"closed","ping_status":"closed","template":"","meta":{"gtb_hide_title":false,"gtb_wrap_title":false,"gtb_class_title":"","gtb_remove_headerfooter":false,"footnotes":""},"_links":{"self":[{"href":"http:\/\/web.w664-rex-club-porta.de\/wordpress\/wp-json\/wp\/v2\/pages\/589"}],"collection":[{"href":"http:\/\/web.w664-rex-club-porta.de\/wordpress\/wp-json\/wp\/v2\/pages"}],"about":[{"href":"http:\/\/web.w664-rex-club-porta.de\/wordpress\/wp-json\/wp\/v2\/types\/page"}],"author":[{"embeddable":true,"href":"http:\/\/web.w664-rex-club-porta.de\/wordpress\/wp-json\/wp\/v2\/users\/1"}],"replies":[{"embeddable":true,"href":"http:\/\/web.w664-rex-club-porta.de\/wordpress\/wp-json\/wp\/v2\/comments?post=589"}],"version-history":[{"count":6,"href":"http:\/\/web.w664-rex-club-porta.de\/wordpress\/wp-json\/wp\/v2\/pages\/589\/revisions"}],"predecessor-version":[{"id":603,"href":"http:\/\/web.w664-rex-club-porta.de\/wordpress\/wp-json\/wp\/v2\/pages\/589\/revisions\/603"}],"wp:attachment":[{"href":"http:\/\/web.w664-rex-club-porta.de\/wordpress\/wp-json\/wp\/v2\/media?parent=589"}],"curies":[{"name":"wp","href":"https:\/\/api.w.org\/{rel}","templated":true}]}}