{"id":582,"date":"2020-06-29T23:46:23","date_gmt":"2020-06-29T21:46:23","guid":{"rendered":"http:\/\/web.w664-rex-club-porta.de\/wordpress\/?page_id=582"},"modified":"2020-07-27T22:56:56","modified_gmt":"2020-07-27T20:56:56","slug":"dalmatiner-rex-blau-weiss","status":"publish","type":"page","link":"http:\/\/web.w664-rex-club-porta.de\/wordpress\/dalmatiner-rex-blau-weiss\/","title":{"rendered":"Dalmatiner-Rex blau-wei\u00df"},"content":{"rendered":"\n<p>Dalmatiner-Rexe sind Rexe mit dem Fell der Punktschecken. Der Dalmatiner-Rex soll das Zeichnungsbild der Hunderasse Dalmatiner zeigen. Die punktuelle Scheckung sollte nach M\u00f6glichkeit mit mindestens 3 Punkten auf jeder K\u00f6rperseite vorhanden sein. <\/p>\n\n\n\n<div class=\"wp-block-buttons is-layout-flex wp-block-buttons-is-layout-flex\">\n<div class=\"wp-block-button\"><a class=\"wp-block-button__link has-text-color has-background\" href=\"http:\/\/www.kaninchenrassen.info\/kaninchen\/kurzhaarrassen\/dalmatiner-rexe\/dalmatiner-rexe-blau-weiss.php\" style=\"background-color:#941010;color:#ffffff;border-radius:4px\" target=\"_blank\" rel=\"noopener noreferrer\">Rassebeschreibung<\/a><\/div>\n<\/div>\n\n\n\n<h3 class=\"wp-block-heading\"><br>Z\u00fcchter in unserem Club<\/h3>\n\n\n\n<figure class=\"wp-block-table\"><table><tbody><tr><td><strong>Nachname<\/strong><\/td><td><strong>Vorname<\/strong><\/td><td><strong>PLZ<\/strong><\/td><td><strong>Wohnort<\/strong><\/td><td><strong>Telefon<\/strong><\/td><\/tr><tr><td>Schneider<\/td><td>Wiegand<\/td><td>57258<\/td><td>Freudenberg<\/td><td>02734 &#8211; 27 450<\/td><\/tr><\/tbody><\/table><\/figure>\n\n\n\n<p><\/p>\n","protected":false},"excerpt":{"rendered":"<p>Dalmatiner-Rexe sind Rexe mit dem Fell der Punktschecken. Der Dalmatiner-Rex soll das Zeichnungsbild der Hunderasse Dalmatiner zeigen. Die punktuelle Scheckung sollte nach M\u00f6glichkeit mit mindestens 3 Punkten auf jeder K\u00f6rperseite vorhanden sein. Z\u00fcchter in unserem Club Nachname Vorname PLZ Wohnort Telefon Schneider Wiegand 57258 Freudenberg 02734 &#8211; 27 450<\/p>\n","protected":false},"author":1,"featured_media":0,"parent":0,"menu_order":0,"comment_status":"closed","ping_status":"closed","template":"","meta":{"gtb_hide_title":false,"gtb_wrap_title":false,"gtb_class_title":"","gtb_remove_headerfooter":false,"footnotes":""},"_links":{"self":[{"href":"http:\/\/web.w664-rex-club-porta.de\/wordpress\/wp-json\/wp\/v2\/pages\/582"}],"collection":[{"href":"http:\/\/web.w664-rex-club-porta.de\/wordpress\/wp-json\/wp\/v2\/pages"}],"about":[{"href":"http:\/\/web.w664-rex-club-porta.de\/wordpress\/wp-json\/wp\/v2\/types\/page"}],"author":[{"embeddable":true,"href":"http:\/\/web.w664-rex-club-porta.de\/wordpress\/wp-json\/wp\/v2\/users\/1"}],"replies":[{"embeddable":true,"href":"http:\/\/web.w664-rex-club-porta.de\/wordpress\/wp-json\/wp\/v2\/comments?post=582"}],"version-history":[{"count":5,"href":"http:\/\/web.w664-rex-club-porta.de\/wordpress\/wp-json\/wp\/v2\/pages\/582\/revisions"}],"predecessor-version":[{"id":587,"href":"http:\/\/web.w664-rex-club-porta.de\/wordpress\/wp-json\/wp\/v2\/pages\/582\/revisions\/587"}],"wp:attachment":[{"href":"http:\/\/web.w664-rex-club-porta.de\/wordpress\/wp-json\/wp\/v2\/media?parent=582"}],"curies":[{"name":"wp","href":"https:\/\/api.w.org\/{rel}","templated":true}]}}