{"id":29,"date":"2020-04-16T21:15:16","date_gmt":"2020-04-16T19:15:16","guid":{"rendered":"http:\/\/web.w664-rex-club-porta.de\/wordpress\/?page_id=29"},"modified":"2024-07-21T14:24:50","modified_gmt":"2024-07-21T12:24:50","slug":"home","status":"publish","type":"page","link":"http:\/\/web.w664-rex-club-porta.de\/wordpress\/","title":{"rendered":"Herzlich Willkommen beim Rex-Club W664"},"content":{"rendered":"\n<div class=\"wp-block-columns is-layout-flex wp-container-7 wp-block-columns-is-layout-flex\">\n<div class=\"wp-block-column is-vertically-aligned-top is-layout-flow wp-block-column-is-layout-flow\">\n<h3 class=\"wp-block-heading\">\u00dcber uns<\/h3>\n\n\n\n<figure class=\"wp-block-image size-large\"><img decoding=\"async\" loading=\"lazy\" width=\"500\" height=\"311\" src=\"http:\/\/web.w664-rex-club-porta.de\/wordpress\/wp-content\/uploads\/2020\/04\/der-rexclub.png\" alt=\"\" class=\"wp-image-184\" srcset=\"http:\/\/web.w664-rex-club-porta.de\/wordpress\/wp-content\/uploads\/2020\/04\/der-rexclub.png 500w, http:\/\/web.w664-rex-club-porta.de\/wordpress\/wp-content\/uploads\/2020\/04\/der-rexclub-300x187.png 300w\" sizes=\"(max-width: 500px) 100vw, 500px\" \/><\/figure>\n\n\n\n<p>Der Rex-Club W664 Porta wurde 1982 gegr\u00fcndet. Lesen Sie unsere Geschichte &#8230;<br><\/p>\n\n\n\n<div class=\"wp-block-buttons is-layout-flex wp-block-buttons-is-layout-flex\">\n<div class=\"wp-block-button\"><a class=\"wp-block-button__link has-text-color has-background wp-element-button\" href=\"http:\/\/web.w664-rex-club-porta.de\/wordpress\/ueber-uns\/\" style=\"border-radius:3px;color:#ffffff;background-color:#941010\">Mehr lesen<\/a><\/div>\n<\/div>\n<\/div>\n\n\n\n<div class=\"wp-block-column is-layout-flow wp-block-column-is-layout-flow\">\n<h3 class=\"wp-block-heading\">Rex-Schauen<\/h3>\n\n\n\n<figure class=\"wp-block-image size-large\"><img decoding=\"async\" loading=\"lazy\" width=\"500\" height=\"311\" src=\"http:\/\/web.w664-rex-club-porta.de\/wordpress\/wp-content\/uploads\/2020\/04\/schauen.png\" alt=\"\" class=\"wp-image-186\" srcset=\"http:\/\/web.w664-rex-club-porta.de\/wordpress\/wp-content\/uploads\/2020\/04\/schauen.png 500w, http:\/\/web.w664-rex-club-porta.de\/wordpress\/wp-content\/uploads\/2020\/04\/schauen-300x187.png 300w\" sizes=\"(max-width: 500px) 100vw, 500px\" \/><\/figure>\n\n\n\n<p>Unsere Z\u00fcchter sind auf verschiedenen Rassekaninchenschauen pr\u00e4sent.<br><\/p>\n\n\n\n<div class=\"wp-block-buttons is-layout-flex wp-block-buttons-is-layout-flex\">\n<div class=\"wp-block-button\"><a class=\"wp-block-button__link has-background no-border-radius wp-element-button\" href=\"http:\/\/web.w664-rex-club-porta.de\/wordpress\/rex-schauen\/\" style=\"background-color:#941010\">Mehr lesen<\/a><\/div>\n<\/div>\n<\/div>\n\n\n\n<div class=\"wp-block-column is-layout-flow wp-block-column-is-layout-flow\">\n<h3 class=\"wp-block-heading\">Tag der Rex-Kaninchen<\/h3>\n\n\n\n<figure class=\"wp-block-image size-large\"><img decoding=\"async\" loading=\"lazy\" width=\"500\" height=\"311\" src=\"http:\/\/web.w664-rex-club-porta.de\/wordpress\/wp-content\/uploads\/2020\/05\/t-rex-start.jpg\" alt=\"\" class=\"wp-image-452\" srcset=\"http:\/\/web.w664-rex-club-porta.de\/wordpress\/wp-content\/uploads\/2020\/05\/t-rex-start.jpg 500w, http:\/\/web.w664-rex-club-porta.de\/wordpress\/wp-content\/uploads\/2020\/05\/t-rex-start-300x187.jpg 300w\" sizes=\"(max-width: 500px) 100vw, 500px\" \/><\/figure>\n\n\n\n<p>Alle zwei Jahre findet der durch unseren Club ausgerichtete Tag der Rex-Kaninchen statt.<\/p>\n\n\n\n<div class=\"wp-block-buttons is-layout-flex wp-block-buttons-is-layout-flex\">\n<div class=\"wp-block-button\"><a class=\"wp-block-button__link has-background no-border-radius wp-element-button\" href=\"http:\/\/web.w664-rex-club-porta.de\/wordpress\/tag-der-rexkaninchen\/\" style=\"background-color:#941010\">Mehr lesen<\/a><\/div>\n<\/div>\n<\/div>\n<\/div>\n\n\n\n<p>Am 23. M\u00e4rz 1982 gegr\u00fcndet, sind wir mit aktuell etwas \u00fcber 50 Mitgliedern sowohl in der westf\u00e4lischen Landes-Clubvereinigung wie auch in der Arbeitsgemeinschaft Deutscher Rexz\u00fcchter Clubs (ADRC) organisiert.<br>Wir z\u00fcchten eine gro\u00dfe Zahl teils seltener Rex-Rassen bzw. Rex-Farbenschl\u00e4ge und haben ma\u00dfgeblich bei der Herausz\u00fcchtung der Rh\u00f6n-Rexe, wie auch der rh\u00f6nfarbigen Zwerg-Rexe und federf\u00fchrend auch an der Herausz\u00fcchtung der Zwerg-Rexe japanerfarbig sowie an deren Aufnahme in den ZDRK-Standard mitgewirkt.<\/p>\n\n\n\n<p>Gro\u00dfe z\u00fcchterische Erfolge wie Deutsche Meistertitel, Bundes- und Landessieger, Landesclubmeister, Europameister- und Europa-Champions belegen das anerkannt hohe z\u00fcchterische Niveau unserer Clubarbeit. Bei alledem stehen aber der freundschaftliche, z\u00fcchterische Austausch wie auch die Geselligkeit im Rahmen unserer Clubversammlungen stets im Vordergrund.<\/p>\n\n\n\n<p>Seit 2011 veranstalten wir im zweij\u00e4hrigen Turnus den \u201eTag der Rex-Kaninchen\u201c als Werbeschau\/\u00f6ffentliche Tischbewertung; Informationen dazu gibt es<a href=\"http:\/\/web.w664-rex-club-porta.de\/wordpress\/tag-der-rexkaninchen\/\"> hier<\/a>.<\/p>\n\n\n\n<p>Wer mehr \u00fcber Zucht und Haltung von Rex-Kaninchen oder die Aktivit\u00e4ten in unserem Rex-Club erfahren m\u00f6chte, den laden wir gerne ein, sich auf unserer Internetpr\u00e4senz, bei unseren Vorstandsmitgliedern oder unseren Clubfreunden zu informieren.<\/p>\n\n\n\n<p>Ebenso sind Interessenten gerne eingeladen, die Clubversammlungen f\u00fcr ein erstes unverbindliches Kennenlernen unserer Clubarbeit zu besuchen. Wir freuen uns auf Sie\/Euch\u2026<\/p>\n\n\n\n<p><\/p>\n\n\n\n<h3 class=\"wp-block-heading\"><strong>N\u00e4chste Termine:<\/strong><\/h3>\n\n\n\n<h4 class=\"wp-block-heading\">30. ADRC-Rexschau am 19. und 20. Oktober 2024<\/h4>\n\n\n\n<p>Die Meldeunterlagen und Infos findet ihr <a href=\"http:\/\/web.w664-rex-club-porta.de\/wordpress\/adrc-schau-2024\/\" data-type=\"link\" data-id=\"http:\/\/web.w664-rex-club-porta.de\/wordpress\/adrc-schau-2024\/\">hier<\/a><br> <\/p>\n\n\n\n<p>     . <\/p>\n\n\n\n<hr class=\"wp-block-separator has-css-opacity\"\/>\n","protected":false},"excerpt":{"rendered":"<p>\u00dcber uns Der Rex-Club W664 Porta wurde 1982 gegr\u00fcndet. Lesen Sie unsere Geschichte &#8230; Rex-Schauen Unsere Z\u00fcchter sind auf verschiedenen Rassekaninchenschauen pr\u00e4sent. Tag der Rex-Kaninchen Alle zwei Jahre findet der durch unseren Club ausgerichtete Tag der Rex-Kaninchen statt. Am 23. M\u00e4rz 1982 gegr\u00fcndet, sind wir mit aktuell etwas \u00fcber 50 Mitgliedern sowohl in der westf\u00e4lischen [&hellip;]<\/p>\n","protected":false},"author":1,"featured_media":0,"parent":0,"menu_order":0,"comment_status":"closed","ping_status":"closed","template":"","meta":{"gtb_hide_title":false,"gtb_wrap_title":false,"gtb_class_title":"","gtb_remove_headerfooter":false,"footnotes":""},"_links":{"self":[{"href":"http:\/\/web.w664-rex-club-porta.de\/wordpress\/wp-json\/wp\/v2\/pages\/29"}],"collection":[{"href":"http:\/\/web.w664-rex-club-porta.de\/wordpress\/wp-json\/wp\/v2\/pages"}],"about":[{"href":"http:\/\/web.w664-rex-club-porta.de\/wordpress\/wp-json\/wp\/v2\/types\/page"}],"author":[{"embeddable":true,"href":"http:\/\/web.w664-rex-club-porta.de\/wordpress\/wp-json\/wp\/v2\/users\/1"}],"replies":[{"embeddable":true,"href":"http:\/\/web.w664-rex-club-porta.de\/wordpress\/wp-json\/wp\/v2\/comments?post=29"}],"version-history":[{"count":128,"href":"http:\/\/web.w664-rex-club-porta.de\/wordpress\/wp-json\/wp\/v2\/pages\/29\/revisions"}],"predecessor-version":[{"id":1034,"href":"http:\/\/web.w664-rex-club-porta.de\/wordpress\/wp-json\/wp\/v2\/pages\/29\/revisions\/1034"}],"wp:attachment":[{"href":"http:\/\/web.w664-rex-club-porta.de\/wordpress\/wp-json\/wp\/v2\/media?parent=29"}],"curies":[{"name":"wp","href":"https:\/\/api.w.org\/{rel}","templated":true}]}}